{"id":7820,"date":"2023-05-14T00:55:12","date_gmt":"2023-05-13T22:55:12","guid":{"rendered":"https:\/\/imperials-ci.com\/imperialservices\/?page_id=7820"},"modified":"2024-02-27T17:10:33","modified_gmt":"2024-02-27T16:10:33","slug":"gestion-immobiliere","status":"publish","type":"page","link":"https:\/\/imperials-ci.com\/imperialservices\/gestion-immobiliere\/","title":{"rendered":"Gestion immobili\u00e8re"},"content":{"rendered":"\t\t<div data-elementor-type=\"wp-page\" data-elementor-id=\"7820\" class=\"elementor elementor-7820\">\n\t\t\t\t\t\t<section class=\"elementor-section elementor-top-section elementor-element elementor-element-7b8d132 elementor-section-full_width elementor-section-height-min-height elementor-section-height-default elementor-section-items-middle\" data-id=\"7b8d132\" data-element_type=\"section\" data-settings=\"{&quot;background_background&quot;:&quot;classic&quot;}\">\n\t\t\t\t\t\t<div class=\"elementor-container elementor-column-gap-default\">\n\t\t\t\t\t<div class=\"elementor-column elementor-col-100 elementor-top-column elementor-element elementor-element-83c2a9c\" data-id=\"83c2a9c\" data-element_type=\"column\">\n\t\t\t<div class=\"elementor-widget-wrap\">\n\t\t\t\t\t\t\t<\/div>\n\t\t<\/div>\n\t\t\t\t\t<\/div>\n\t\t<\/section>\n\t\t\t\t<section class=\"elementor-section elementor-top-section elementor-element elementor-element-59efaf09 elementor-section-full_width elementor-section-height-default elementor-section-height-default\" data-id=\"59efaf09\" data-element_type=\"section\">\n\t\t\t\t\t\t<div class=\"elementor-container elementor-column-gap-default\">\n\t\t\t\t\t<div class=\"elementor-column elementor-col-100 elementor-top-column elementor-element elementor-element-74d66784\" data-id=\"74d66784\" data-element_type=\"column\">\n\t\t\t<div class=\"elementor-widget-wrap elementor-element-populated\">\n\t\t\t\t\t\t<section class=\"elementor-section elementor-inner-section elementor-element elementor-element-a83fae9 qodef-elementor-content-grid elementor-section-boxed elementor-section-height-default elementor-section-height-default\" data-id=\"a83fae9\" data-element_type=\"section\">\n\t\t\t\t\t\t<div class=\"elementor-container elementor-column-gap-default\">\n\t\t\t\t\t<div class=\"elementor-column elementor-col-100 elementor-inner-column elementor-element elementor-element-4fc805dd\" data-id=\"4fc805dd\" data-element_type=\"column\">\n\t\t\t<div class=\"elementor-widget-wrap elementor-element-populated\">\n\t\t\t\t\t\t<div class=\"elementor-element elementor-element-44c0834 elementor-widget elementor-widget-spacer\" data-id=\"44c0834\" data-element_type=\"widget\" data-widget_type=\"spacer.default\">\n\t\t\t\t<div class=\"elementor-widget-container\">\n\t\t\t<style>\/*! elementor - v3.19.0 - 28-02-2024 *\/\n.elementor-column .elementor-spacer-inner{height:var(--spacer-size)}.e-con{--container-widget-width:100%}.e-con-inner>.elementor-widget-spacer,.e-con>.elementor-widget-spacer{width:var(--container-widget-width,var(--spacer-size));--align-self:var(--container-widget-align-self,initial);--flex-shrink:0}.e-con-inner>.elementor-widget-spacer>.elementor-widget-container,.e-con>.elementor-widget-spacer>.elementor-widget-container{height:100%;width:100%}.e-con-inner>.elementor-widget-spacer>.elementor-widget-container>.elementor-spacer,.e-con>.elementor-widget-spacer>.elementor-widget-container>.elementor-spacer{height:100%}.e-con-inner>.elementor-widget-spacer>.elementor-widget-container>.elementor-spacer>.elementor-spacer-inner,.e-con>.elementor-widget-spacer>.elementor-widget-container>.elementor-spacer>.elementor-spacer-inner{height:var(--container-widget-height,var(--spacer-size))}.e-con-inner>.elementor-widget-spacer.elementor-widget-empty,.e-con>.elementor-widget-spacer.elementor-widget-empty{position:relative;min-height:22px;min-width:22px}.e-con-inner>.elementor-widget-spacer.elementor-widget-empty .elementor-widget-empty-icon,.e-con>.elementor-widget-spacer.elementor-widget-empty .elementor-widget-empty-icon{position:absolute;top:0;bottom:0;left:0;right:0;margin:auto;padding:0;width:22px;height:22px}<\/style>\t\t<div class=\"elementor-spacer\">\n\t\t\t<div class=\"elementor-spacer-inner\"><\/div>\n\t\t<\/div>\n\t\t\t\t<\/div>\n\t\t\t\t<\/div>\n\t\t\t\t<div class=\"elementor-element elementor-element-403d95e7 elementor-widget__width-initial elementor-widget elementor-widget-belfort_core_section_title\" data-id=\"403d95e7\" data-element_type=\"widget\" data-widget_type=\"belfort_core_section_title.default\">\n\t\t\t\t<div class=\"elementor-widget-container\">\n\t\t\t<div class=\"qodef-shortcode qodef-m  qodef-section-title qodef-alignment--center \">\n    \t<p class=\"qodef-m-label\" style=\"margin-bottom: 8px\">NOS PRESTATIONS<\/p>\n\t\t<h2 class=\"qodef-m-title\" style=\"color: #CA9D75\">\n\t\t\t\t\tGESTION IMMOBILIERE ET TRAVAUX\t\t\t<\/h2>\n\t<\/div>\n\t\t<\/div>\n\t\t\t\t<\/div>\n\t\t\t\t\t<\/div>\n\t\t<\/div>\n\t\t\t\t\t<\/div>\n\t\t<\/section>\n\t\t\t\t<section class=\"elementor-section elementor-inner-section elementor-element elementor-element-c20efd7 elementor-section-boxed elementor-section-height-default elementor-section-height-default\" data-id=\"c20efd7\" data-element_type=\"section\">\n\t\t\t\t\t\t<div class=\"elementor-container elementor-column-gap-default\">\n\t\t\t\t\t<div class=\"elementor-column elementor-col-50 elementor-inner-column elementor-element elementor-element-4b8873d\" data-id=\"4b8873d\" data-element_type=\"column\">\n\t\t\t<div class=\"elementor-widget-wrap elementor-element-populated\">\n\t\t\t\t\t\t<div class=\"elementor-element elementor-element-a9258ad elementor-widget elementor-widget-text-editor\" data-id=\"a9258ad\" data-element_type=\"widget\" data-widget_type=\"text-editor.default\">\n\t\t\t\t<div class=\"elementor-widget-container\">\n\t\t\t<style>\/*! elementor - v3.19.0 - 28-02-2024 *\/\n.elementor-widget-text-editor.elementor-drop-cap-view-stacked .elementor-drop-cap{background-color:#69727d;color:#fff}.elementor-widget-text-editor.elementor-drop-cap-view-framed .elementor-drop-cap{color:#69727d;border:3px solid;background-color:transparent}.elementor-widget-text-editor:not(.elementor-drop-cap-view-default) .elementor-drop-cap{margin-top:8px}.elementor-widget-text-editor:not(.elementor-drop-cap-view-default) .elementor-drop-cap-letter{width:1em;height:1em}.elementor-widget-text-editor .elementor-drop-cap{float:left;text-align:center;line-height:1;font-size:50px}.elementor-widget-text-editor .elementor-drop-cap-letter{display:inline-block}<\/style>\t\t\t\t<p>Acc\u00e9dez \u00e0 un monde de prestige avec des offres de biens immobiliers d&rsquo;exception pour vos besoins.<\/p><ul><li><strong>Location et Gestion de Propri\u00e9t\u00e9s:<\/strong> Nous offrons des services complets de location et de gestion de propri\u00e9t\u00e9s, assurant une prise en charge efficace de toutes les activit\u00e9s li\u00e9es \u00e0 la gestion immobili\u00e8re.<\/li><li><strong>Maintenance et R\u00e9parations:<\/strong> Notre \u00e9quipe exp\u00e9riment\u00e9e assure la maintenance r\u00e9guli\u00e8re et les r\u00e9parations n\u00e9cessaires pour garantir le bon fonctionnement et la valeur \u00e0 long terme de votre propri\u00e9t\u00e9.<\/li><li><strong>Gestion des Locataires:<\/strong> Nous g\u00e9rons tous les aspects des relations avec les locataires, y compris la s\u00e9lection, la communication et la r\u00e9solution des probl\u00e8mes, pour assurer une exp\u00e9rience positive aux locataires et aux propri\u00e9taires.<\/li><li><strong>Optimisation des Revenus:<\/strong> Nous travaillons activement pour maximiser les revenus de votre investissement immobilier en proposant des strat\u00e9gies de tarification comp\u00e9titives et en veillant \u00e0 un taux d&rsquo;occupation \u00e9lev\u00e9.<\/li><li><strong>R\u00e9alisation des travaux de construction et de renovation de b\u00e2timents<\/strong>: Nous proposons \u00e0 nos clients notre expertise pour des projets de construction de b\u00e2timents et de renovation de vos biens immobiliers.<\/li><li><strong>Gestion de l&rsquo;assainissement individuel et collectif:<\/strong> Nos \u00e9quipes r\u00e9alisent selon vos besoins des ouvrages d&rsquo;assainissement, d&rsquo;\u00e9vacuation des eaux us\u00e9es et eaux pluviales, ainsi que des fosses sceptiques.<\/li><li><strong>D\u00e9coration et am\u00e9nagement d&rsquo;espace:<\/strong> Nous offrons des services d&rsquo;am\u00e9nagement d&rsquo;espaces et de d\u00e9coration. Nos \u00e9quipes exp\u00e9riment\u00e9es vous garantissent un bon niveau de satisfaction, et un rendu conforme \u00e0 vos aspirations.<\/li><\/ul>\t\t\t\t\t\t<\/div>\n\t\t\t\t<\/div>\n\t\t\t\t<div class=\"elementor-element elementor-element-a6baf7d elementor-align-center elementor-widget elementor-widget-button\" data-id=\"a6baf7d\" data-element_type=\"widget\" data-widget_type=\"button.default\">\n\t\t\t\t<div class=\"elementor-widget-container\">\n\t\t\t\t\t<div class=\"elementor-button-wrapper\">\n\t\t\t<a class=\"elementor-button elementor-button-link elementor-size-sm\" href=\"https:\/\/imperials-ci.com\/imperialservices\/contacts\/\">\n\t\t\t\t\t\t<span class=\"elementor-button-content-wrapper\">\n\t\t\t\t\t\t<span class=\"elementor-button-icon elementor-align-icon-left\">\n\t\t\t\t<i aria-hidden=\"true\" class=\"far fa-handshake\"><\/i>\t\t\t<\/span>\n\t\t\t\t\t\t<span class=\"elementor-button-text\">Contactez-nous!<\/span>\n\t\t<\/span>\n\t\t\t\t\t<\/a>\n\t\t<\/div>\n\t\t\t\t<\/div>\n\t\t\t\t<\/div>\n\t\t\t\t\t<\/div>\n\t\t<\/div>\n\t\t\t\t<div class=\"elementor-column elementor-col-50 elementor-inner-column elementor-element elementor-element-73ad512\" data-id=\"73ad512\" data-element_type=\"column\">\n\t\t\t<div class=\"elementor-widget-wrap elementor-element-populated\">\n\t\t\t\t\t\t<div class=\"elementor-element elementor-element-64f8a70 elementor-widget elementor-widget-belfort_core_single_image\" data-id=\"64f8a70\" data-element_type=\"widget\" data-widget_type=\"belfort_core_single_image.default\">\n\t\t\t\t<div class=\"elementor-widget-container\">\n\t\t\t<div class=\"qodef-shortcode qodef-m  qodef-single-image qodef-layout--default  \">\n\t\t\t<div class=\"qodef-m-image\">\n\t\t\t\t\t\t\t\t<img fetchpriority=\"high\" decoding=\"async\" width=\"826\" height=\"463\" src=\"https:\/\/imperials-ci.com\/imperialservices\/wp-content\/uploads\/2024\/02\/imperial_services_gestion_immobiliere.jpg\" class=\"attachment-large size-large\" alt=\"\" srcset=\"https:\/\/imperials-ci.com\/imperialservices\/wp-content\/uploads\/2024\/02\/imperial_services_gestion_immobiliere.jpg 826w, https:\/\/imperials-ci.com\/imperialservices\/wp-content\/uploads\/2024\/02\/imperial_services_gestion_immobiliere-300x168.jpg 300w, https:\/\/imperials-ci.com\/imperialservices\/wp-content\/uploads\/2024\/02\/imperial_services_gestion_immobiliere-768x430.jpg 768w\" sizes=\"(max-width: 826px) 100vw, 826px\" \/>\t\t\t\t\t\t\t<\/div>\n\t<\/div>\n\t\t<\/div>\n\t\t\t\t<\/div>\n\t\t\t\t\t<\/div>\n\t\t<\/div>\n\t\t\t\t\t<\/div>\n\t\t<\/section>\n\t\t\t\t\t<\/div>\n\t\t<\/div>\n\t\t\t\t\t<\/div>\n\t\t<\/section>\n\t\t\t\t<\/div>\n\t\t","protected":false},"excerpt":{"rendered":"<p>NOS PRESTATIONS GESTION IMMOBILIERE ET TRAVAUX Acc\u00e9dez \u00e0 un monde de prestige avec des offres de biens immobiliers d&rsquo;exception pour vos besoins. Location et Gestion de Propri\u00e9t\u00e9s: Nous offrons des services complets de location et de gestion de propri\u00e9t\u00e9s, assurant une prise en charge efficace de toutes les activit\u00e9s li\u00e9es \u00e0 la gestion immobili\u00e8re. Maintenance [&hellip;]<\/p>\n","protected":false},"author":1,"featured_media":0,"parent":0,"menu_order":0,"comment_status":"closed","ping_status":"closed","template":"page-full-width.php","meta":{"footnotes":""},"class_list":["post-7820","page","type-page","status-publish","hentry"],"_links":{"self":[{"href":"https:\/\/imperials-ci.com\/imperialservices\/wp-json\/wp\/v2\/pages\/7820","targetHints":{"allow":["GET"]}}],"collection":[{"href":"https:\/\/imperials-ci.com\/imperialservices\/wp-json\/wp\/v2\/pages"}],"about":[{"href":"https:\/\/imperials-ci.com\/imperialservices\/wp-json\/wp\/v2\/types\/page"}],"author":[{"embeddable":true,"href":"https:\/\/imperials-ci.com\/imperialservices\/wp-json\/wp\/v2\/users\/1"}],"replies":[{"embeddable":true,"href":"https:\/\/imperials-ci.com\/imperialservices\/wp-json\/wp\/v2\/comments?post=7820"}],"version-history":[{"count":85,"href":"https:\/\/imperials-ci.com\/imperialservices\/wp-json\/wp\/v2\/pages\/7820\/revisions"}],"predecessor-version":[{"id":8731,"href":"https:\/\/imperials-ci.com\/imperialservices\/wp-json\/wp\/v2\/pages\/7820\/revisions\/8731"}],"wp:attachment":[{"href":"https:\/\/imperials-ci.com\/imperialservices\/wp-json\/wp\/v2\/media?parent=7820"}],"curies":[{"name":"wp","href":"https:\/\/api.w.org\/{rel}","templated":true}]}}