{"id":4347,"date":"2023-01-10T10:23:22","date_gmt":"2023-01-10T09:23:22","guid":{"rendered":"https:\/\/belfort.qodeinteractive.com\/?page_id=4347"},"modified":"2024-02-22T00:49:15","modified_gmt":"2024-02-21T23:49:15","slug":"conciergerie","status":"publish","type":"page","link":"https:\/\/imperials-ci.com\/imperialservices\/conciergerie\/","title":{"rendered":"Conciergerie"},"content":{"rendered":"\t\t<div data-elementor-type=\"wp-page\" data-elementor-id=\"4347\" class=\"elementor elementor-4347\">\n\t\t\t\t\t\t<section class=\"elementor-section elementor-top-section elementor-element elementor-element-91dcc2b elementor-section-full_width elementor-section-height-default elementor-section-height-default\" data-id=\"91dcc2b\" data-element_type=\"section\" data-settings=\"{&quot;background_background&quot;:&quot;classic&quot;}\">\n\t\t\t\t\t\t<div class=\"elementor-container elementor-column-gap-default\">\n\t\t\t\t\t<div class=\"elementor-column elementor-col-100 elementor-top-column elementor-element elementor-element-2235198\" data-id=\"2235198\" data-element_type=\"column\">\n\t\t\t<div class=\"elementor-widget-wrap elementor-element-populated\">\n\t\t\t\t\t\t<section class=\"elementor-section elementor-inner-section elementor-element elementor-element-436914a elementor-section-full_width elementor-section-height-min-height elementor-section-height-default\" data-id=\"436914a\" data-element_type=\"section\" data-settings=\"{&quot;background_background&quot;:&quot;classic&quot;}\">\n\t\t\t\t\t\t<div class=\"elementor-container elementor-column-gap-no\">\n\t\t\t\t\t<div class=\"elementor-column elementor-col-100 elementor-inner-column elementor-element elementor-element-9cbd688\" data-id=\"9cbd688\" data-element_type=\"column\" data-settings=\"{&quot;background_background&quot;:&quot;slideshow&quot;,&quot;background_slideshow_gallery&quot;:[{&quot;id&quot;:8302,&quot;url&quot;:&quot;https:\\\/\\\/imperials-ci.com\\\/imperialservices\\\/wp-content\\\/uploads\\\/2023\\\/07\\\/male-receptionist-suit-offering-room-key.jpg&quot;},{&quot;id&quot;:8343,&quot;url&quot;:&quot;https:\\\/\\\/imperials-ci.com\\\/imperialservices\\\/wp-content\\\/uploads\\\/2023\\\/07\\\/22.png&quot;}],&quot;background_slideshow_loop&quot;:&quot;yes&quot;,&quot;background_slideshow_slide_duration&quot;:5000,&quot;background_slideshow_slide_transition&quot;:&quot;fade&quot;,&quot;background_slideshow_transition_duration&quot;:500}\">\n\t\t\t<div class=\"elementor-widget-wrap\">\n\t\t\t\t\t\t\t<\/div>\n\t\t<\/div>\n\t\t\t\t\t<\/div>\n\t\t<\/section>\n\t\t\t\t\t<\/div>\n\t\t<\/div>\n\t\t\t\t\t<\/div>\n\t\t<\/section>\n\t\t\t\t<section class=\"elementor-section elementor-top-section elementor-element elementor-element-59efaf09 elementor-section-full_width elementor-section-height-default elementor-section-height-default\" data-id=\"59efaf09\" data-element_type=\"section\">\n\t\t\t\t\t\t<div class=\"elementor-container elementor-column-gap-default\">\n\t\t\t\t\t<div class=\"elementor-column elementor-col-100 elementor-top-column elementor-element elementor-element-74d66784\" data-id=\"74d66784\" data-element_type=\"column\">\n\t\t\t<div class=\"elementor-widget-wrap elementor-element-populated\">\n\t\t\t\t\t\t<section class=\"elementor-section elementor-inner-section elementor-element elementor-element-a83fae9 qodef-elementor-content-grid elementor-section-boxed elementor-section-height-default elementor-section-height-default\" data-id=\"a83fae9\" data-element_type=\"section\">\n\t\t\t\t\t\t<div class=\"elementor-container elementor-column-gap-default\">\n\t\t\t\t\t<div class=\"elementor-column elementor-col-100 elementor-inner-column elementor-element elementor-element-4fc805dd\" data-id=\"4fc805dd\" data-element_type=\"column\">\n\t\t\t<div class=\"elementor-widget-wrap elementor-element-populated\">\n\t\t\t\t\t\t<div class=\"elementor-element elementor-element-403d95e7 elementor-widget__width-initial elementor-widget elementor-widget-belfort_core_section_title\" data-id=\"403d95e7\" data-element_type=\"widget\" data-widget_type=\"belfort_core_section_title.default\">\n\t\t\t\t<div class=\"elementor-widget-container\">\n\t\t\t<div class=\"qodef-shortcode qodef-m  qodef-section-title qodef-alignment--center \">\n    \t<p class=\"qodef-m-label\" style=\"margin-bottom: 8px\">NOS PRESTATIONS<\/p>\n\t\t<h2 class=\"qodef-m-title\" style=\"color: #CA9D75\">\n\t\t\t\t\tCONCIERGERIE \t\t\t<\/h2>\n\t<\/div>\n\t\t<\/div>\n\t\t\t\t<\/div>\n\t\t\t\t<div class=\"elementor-element elementor-element-44c0834 elementor-widget elementor-widget-spacer\" data-id=\"44c0834\" data-element_type=\"widget\" data-widget_type=\"spacer.default\">\n\t\t\t\t<div class=\"elementor-widget-container\">\n\t\t\t<style>\/*! elementor - v3.19.0 - 28-02-2024 *\/\n.elementor-column .elementor-spacer-inner{height:var(--spacer-size)}.e-con{--container-widget-width:100%}.e-con-inner>.elementor-widget-spacer,.e-con>.elementor-widget-spacer{width:var(--container-widget-width,var(--spacer-size));--align-self:var(--container-widget-align-self,initial);--flex-shrink:0}.e-con-inner>.elementor-widget-spacer>.elementor-widget-container,.e-con>.elementor-widget-spacer>.elementor-widget-container{height:100%;width:100%}.e-con-inner>.elementor-widget-spacer>.elementor-widget-container>.elementor-spacer,.e-con>.elementor-widget-spacer>.elementor-widget-container>.elementor-spacer{height:100%}.e-con-inner>.elementor-widget-spacer>.elementor-widget-container>.elementor-spacer>.elementor-spacer-inner,.e-con>.elementor-widget-spacer>.elementor-widget-container>.elementor-spacer>.elementor-spacer-inner{height:var(--container-widget-height,var(--spacer-size))}.e-con-inner>.elementor-widget-spacer.elementor-widget-empty,.e-con>.elementor-widget-spacer.elementor-widget-empty{position:relative;min-height:22px;min-width:22px}.e-con-inner>.elementor-widget-spacer.elementor-widget-empty .elementor-widget-empty-icon,.e-con>.elementor-widget-spacer.elementor-widget-empty .elementor-widget-empty-icon{position:absolute;top:0;bottom:0;left:0;right:0;margin:auto;padding:0;width:22px;height:22px}<\/style>\t\t<div class=\"elementor-spacer\">\n\t\t\t<div class=\"elementor-spacer-inner\"><\/div>\n\t\t<\/div>\n\t\t\t\t<\/div>\n\t\t\t\t<\/div>\n\t\t\t\t\t<\/div>\n\t\t<\/div>\n\t\t\t\t\t<\/div>\n\t\t<\/section>\n\t\t\t\t<section class=\"elementor-section elementor-inner-section elementor-element elementor-element-c20efd7 elementor-section-boxed elementor-section-height-default elementor-section-height-default\" data-id=\"c20efd7\" data-element_type=\"section\">\n\t\t\t\t\t\t<div class=\"elementor-container elementor-column-gap-default\">\n\t\t\t\t\t<div class=\"elementor-column elementor-col-50 elementor-inner-column elementor-element elementor-element-4b8873d\" data-id=\"4b8873d\" data-element_type=\"column\">\n\t\t\t<div class=\"elementor-widget-wrap elementor-element-populated\">\n\t\t\t\t\t\t<div class=\"elementor-element elementor-element-d7c3379 elementor-widget elementor-widget-text-editor\" data-id=\"d7c3379\" data-element_type=\"widget\" data-widget_type=\"text-editor.default\">\n\t\t\t\t<div class=\"elementor-widget-container\">\n\t\t\t<style>\/*! elementor - v3.19.0 - 28-02-2024 *\/\n.elementor-widget-text-editor.elementor-drop-cap-view-stacked .elementor-drop-cap{background-color:#69727d;color:#fff}.elementor-widget-text-editor.elementor-drop-cap-view-framed .elementor-drop-cap{color:#69727d;border:3px solid;background-color:transparent}.elementor-widget-text-editor:not(.elementor-drop-cap-view-default) .elementor-drop-cap{margin-top:8px}.elementor-widget-text-editor:not(.elementor-drop-cap-view-default) .elementor-drop-cap-letter{width:1em;height:1em}.elementor-widget-text-editor .elementor-drop-cap{float:left;text-align:center;line-height:1;font-size:50px}.elementor-widget-text-editor .elementor-drop-cap-letter{display:inline-block}<\/style>\t\t\t\t<p>Vu que votre temps est pr\u00e9cieux, nous nous chargeons de faire le necessaire pour que vous profitiez de meilleur.<\/p><p>Notre \u00e9quipe de professionnels qualifi\u00e9s est \u00e0 votre disposition pour fournir un service personnalis\u00e9 et efficace, adapt\u00e9 \u00e0 vos besoins et pr\u00e9f\u00e9rences sp\u00e9cifiques.<\/p><ol><li style=\"list-style-type: none;\"><ul><li>Gestion des d\u00e9placements professionnels (r\u00e9servations d&rsquo;h\u00f4tels, billets d&rsquo;avion, location de voitures)<\/li><li>Organisation d&rsquo;\u00e9v\u00e9nements d&rsquo;entreprise (s\u00e9minaires, r\u00e9unions, conf\u00e9rences)<\/li><li>Services de restauration (catering, r\u00e9servations de restaurants)<\/li><li>Gestion des courriers et des colis<\/li><\/ul><\/li><\/ol><p>Contactez-nous d\u00e8s aujourd\u2019hui pour en savoir plus sur nos services de conciergerie priv\u00e9e et sur la mani\u00e8re dont nous pouvons vous aider \u00e0 rendre votre vie plus facile et agr\u00e9able.<\/p>\t\t\t\t\t\t<\/div>\n\t\t\t\t<\/div>\n\t\t\t\t<div class=\"elementor-element elementor-element-110b3bc elementor-align-center elementor-widget elementor-widget-button\" data-id=\"110b3bc\" data-element_type=\"widget\" data-widget_type=\"button.default\">\n\t\t\t\t<div class=\"elementor-widget-container\">\n\t\t\t\t\t<div class=\"elementor-button-wrapper\">\n\t\t\t<a class=\"elementor-button elementor-button-link elementor-size-sm\" href=\"https:\/\/imperials-ci.com\/imperialservices\/contacts\/\">\n\t\t\t\t\t\t<span class=\"elementor-button-content-wrapper\">\n\t\t\t\t\t\t<span class=\"elementor-button-icon elementor-align-icon-left\">\n\t\t\t\t<i aria-hidden=\"true\" class=\"far fa-handshake\"><\/i>\t\t\t<\/span>\n\t\t\t\t\t\t<span class=\"elementor-button-text\">Demandez un rendez-vous!<\/span>\n\t\t<\/span>\n\t\t\t\t\t<\/a>\n\t\t<\/div>\n\t\t\t\t<\/div>\n\t\t\t\t<\/div>\n\t\t\t\t\t<\/div>\n\t\t<\/div>\n\t\t\t\t<div class=\"elementor-column elementor-col-50 elementor-inner-column elementor-element elementor-element-73ad512\" data-id=\"73ad512\" data-element_type=\"column\">\n\t\t\t<div class=\"elementor-widget-wrap elementor-element-populated\">\n\t\t\t\t\t\t<div class=\"elementor-element elementor-element-7162e46 elementor-widget elementor-widget-image\" data-id=\"7162e46\" data-element_type=\"widget\" data-widget_type=\"image.default\">\n\t\t\t\t<div class=\"elementor-widget-container\">\n\t\t\t<style>\/*! elementor - v3.19.0 - 28-02-2024 *\/\n.elementor-widget-image{text-align:center}.elementor-widget-image a{display:inline-block}.elementor-widget-image a img[src$=\".svg\"]{width:48px}.elementor-widget-image img{vertical-align:middle;display:inline-block}<\/style>\t\t\t\t\t\t\t\t\t\t<img fetchpriority=\"high\" decoding=\"async\" width=\"650\" height=\"650\" src=\"https:\/\/imperials-ci.com\/imperialservices\/wp-content\/uploads\/2023\/07\/male-receptionist-suit-offering-room-key-1-650x650.jpg\" class=\"attachment-belfort_core_image_size_square size-belfort_core_image_size_square wp-image-8303\" alt=\"\" srcset=\"https:\/\/imperials-ci.com\/imperialservices\/wp-content\/uploads\/2023\/07\/male-receptionist-suit-offering-room-key-1-650x650.jpg 650w, https:\/\/imperials-ci.com\/imperialservices\/wp-content\/uploads\/2023\/07\/male-receptionist-suit-offering-room-key-1-150x150.jpg 150w, https:\/\/imperials-ci.com\/imperialservices\/wp-content\/uploads\/2023\/07\/male-receptionist-suit-offering-room-key-1-1300x1300.jpg 1300w\" sizes=\"(max-width: 650px) 100vw, 650px\" \/>\t\t\t\t\t\t\t\t\t\t\t\t\t<\/div>\n\t\t\t\t<\/div>\n\t\t\t\t\t<\/div>\n\t\t<\/div>\n\t\t\t\t\t<\/div>\n\t\t<\/section>\n\t\t\t\t\t<\/div>\n\t\t<\/div>\n\t\t\t\t\t<\/div>\n\t\t<\/section>\n\t\t\t\t<\/div>\n\t\t","protected":false},"excerpt":{"rendered":"<p>NOS PRESTATIONS CONCIERGERIE Vu que votre temps est pr\u00e9cieux, nous nous chargeons de faire le necessaire pour que vous profitiez de meilleur. Notre \u00e9quipe de professionnels qualifi\u00e9s est \u00e0 votre disposition pour fournir un service personnalis\u00e9 et efficace, adapt\u00e9 \u00e0 vos besoins et pr\u00e9f\u00e9rences sp\u00e9cifiques. Gestion des d\u00e9placements professionnels (r\u00e9servations d&rsquo;h\u00f4tels, billets d&rsquo;avion, location de [&hellip;]<\/p>\n","protected":false},"author":1,"featured_media":0,"parent":0,"menu_order":0,"comment_status":"closed","ping_status":"closed","template":"page-full-width.php","meta":{"footnotes":""},"class_list":["post-4347","page","type-page","status-publish","hentry"],"_links":{"self":[{"href":"https:\/\/imperials-ci.com\/imperialservices\/wp-json\/wp\/v2\/pages\/4347","targetHints":{"allow":["GET"]}}],"collection":[{"href":"https:\/\/imperials-ci.com\/imperialservices\/wp-json\/wp\/v2\/pages"}],"about":[{"href":"https:\/\/imperials-ci.com\/imperialservices\/wp-json\/wp\/v2\/types\/page"}],"author":[{"embeddable":true,"href":"https:\/\/imperials-ci.com\/imperialservices\/wp-json\/wp\/v2\/users\/1"}],"replies":[{"embeddable":true,"href":"https:\/\/imperials-ci.com\/imperialservices\/wp-json\/wp\/v2\/comments?post=4347"}],"version-history":[{"count":33,"href":"https:\/\/imperials-ci.com\/imperialservices\/wp-json\/wp\/v2\/pages\/4347\/revisions"}],"predecessor-version":[{"id":8642,"href":"https:\/\/imperials-ci.com\/imperialservices\/wp-json\/wp\/v2\/pages\/4347\/revisions\/8642"}],"wp:attachment":[{"href":"https:\/\/imperials-ci.com\/imperialservices\/wp-json\/wp\/v2\/media?parent=4347"}],"curies":[{"name":"wp","href":"https:\/\/api.w.org\/{rel}","templated":true}]}}